{"version":"1.0","provider_name":"Blog Autosphere","provider_url":"https:\/\/www.autosphere.fr\/blog","title":"Essai VW Jetta Hybrid. La beaut\u00e9 int\u00e9rieure - Blog Autosphere","type":"rich","width":600,"height":338,"html":"<blockquote class=\"wp-embedded-content\" data-secret=\"90K3V7Rbtu\"><a href=\"https:\/\/www.autosphere.fr\/blog\/essai-vw-jetta-hybrid-la-beaute-interieure\/\">Essai VW Jetta Hybrid. La beaut\u00e9 int\u00e9rieure<\/a><\/blockquote><iframe sandbox=\"allow-scripts\" security=\"restricted\" src=\"https:\/\/www.autosphere.fr\/blog\/essai-vw-jetta-hybrid-la-beaute-interieure\/embed\/#?secret=90K3V7Rbtu\" width=\"600\" height=\"338\" title=\"\u00ab\u00a0Essai VW Jetta Hybrid. La beaut\u00e9 int\u00e9rieure\u00a0\u00bb &#8212; Blog Autosphere\" data-secret=\"90K3V7Rbtu\" frameborder=\"0\" marginwidth=\"0\" marginheight=\"0\" scrolling=\"no\" class=\"wp-embedded-content\"><\/iframe><script>\n\/*! This file is auto-generated *\/\n!function(d,l){\"use strict\";l.querySelector&&d.addEventListener&&\"undefined\"!=typeof URL&&(d.wp=d.wp||{},d.wp.receiveEmbedMessage||(d.wp.receiveEmbedMessage=function(e){var t=e.data;if((t||t.secret||t.message||t.value)&&!\/[^a-zA-Z0-9]\/.test(t.secret)){for(var s,r,n,a=l.querySelectorAll('iframe[data-secret=\"'+t.secret+'\"]'),o=l.querySelectorAll('blockquote[data-secret=\"'+t.secret+'\"]'),c=new RegExp(\"^https?:$\",\"i\"),i=0;i<o.length;i++)o[i].style.display=\"none\";for(i=0;i<a.length;i++)s=a[i],e.source===s.contentWindow&&(s.removeAttribute(\"style\"),\"height\"===t.message?(1e3<(r=parseInt(t.value,10))?r=1e3:~~r<200&&(r=200),s.height=r):\"link\"===t.message&&(r=new URL(s.getAttribute(\"src\")),n=new URL(t.value),c.test(n.protocol))&&n.host===r.host&&l.activeElement===s&&(d.top.location.href=t.value))}},d.addEventListener(\"message\",d.wp.receiveEmbedMessage,!1),l.addEventListener(\"DOMContentLoaded\",function(){for(var e,t,s=l.querySelectorAll(\"iframe.wp-embedded-content\"),r=0;r<s.length;r++)(t=(e=s[r]).getAttribute(\"data-secret\"))||(t=Math.random().toString(36).substring(2,12),e.src+=\"#?secret=\"+t,e.setAttribute(\"data-secret\",t)),e.contentWindow.postMessage({message:\"ready\",secret:t},\"*\")},!1)))}(window,document);\n\/\/# sourceURL=https:\/\/www.autosphere.fr\/blog\/wp-includes\/js\/wp-embed.min.js\n<\/script>\n","thumbnail_url":"https:\/\/www.autosphere.fr\/blog\/wp-content\/uploads\/2022\/11\/46f446766415ad3b8236975df2732f52.jpg","thumbnail_width":400,"thumbnail_height":210,"description":"Je vous ai d\u00e9j\u00e0 racont\u00e9 mon autobiographie automobile ici. Et je vous avais laiss\u00e9 sur une interrogation, en me disant quelle monture pourrait bien venir remplacer la derni\u00e8re Astra CDTI 165 BVA que j\u2019ai utilis\u00e9e 2 ans. Le cahier des charges \u00e9tait simple : Pas de monospace + suffisamment de chevaux + obligatoirement une boite [&hellip;]"}

Essai VW Jetta Hybrid. La beauté intérieure - Blog Autosphere

<blockquote class="wp-embedded-content" data-secret="90K3V7Rbtu"><a href="https://www.autosphere.fr/blog/essai-vw-jetta-hybrid-la-beaute-interieure/">Essai VW Jetta Hybrid. La beauté intérieure</a></blockquote><iframe sandbox="allow-scripts" security="restricted" src="https://www.autosphere.fr/blog/essai-vw-jetta-hybrid-la-beaute-interieure/embed/#?secret=90K3V7Rbtu" width="600" height="338" title="« Essai VW Jetta Hybrid. La beauté intérieure » &#8212; Blog Autosphere" data-secret="90K3V7Rbtu" frameborder="0" marginwidth="0" marginheight="0" scrolling="no" class="wp-embedded-content"></iframe><script>
/*! This file is auto-generated */
!function(d,l){"use strict";l.querySelector&&d.addEventListener&&"undefined"!=typeof URL&&(d.wp=d.wp||{},d.wp.receiveEmbedMessage||(d.wp.receiveEmbedMessage=function(e){var t=e.data;if((t||t.secret||t.message||t.value)&&!/[^a-zA-Z0-9]/.test(t.secret)){for(var s,r,n,a=l.querySelectorAll('iframe[data-secret="'+t.secret+'"]'),o=l.querySelectorAll('blockquote[data-secret="'+t.secret+'"]'),c=new RegExp("^https?:$","i"),i=0;i<o.length;i++)o[i].style.display="none";for(i=0;i<a.length;i++)s=a[i],e.source===s.contentWindow&&(s.removeAttribute("style"),"height"===t.message?(1e3<(r=parseInt(t.value,10))?r=1e3:~~r<200&&(r=200),s.height=r):"link"===t.message&&(r=new URL(s.getAttribute("src")),n=new URL(t.value),c.test(n.protocol))&&n.host===r.host&&l.activeElement===s&&(d.top.location.href=t.value))}},d.addEventListener("message",d.wp.receiveEmbedMessage,!1),l.addEventListener("DOMContentLoaded",function(){for(var e,t,s=l.querySelectorAll("iframe.wp-embedded-content"),r=0;r<s.length;r++)(t=(e=s[r]).getAttribute("data-secret"))||(t=Math.random().toString(36).substring(2,12),e.src+="#?secret="+t,e.setAttribute("data-secret",t)),e.contentWindow.postMessage({message:"ready",secret:t},"*")},!1)))}(window,document);
//# sourceURL=https://www.autosphere.fr/blog/wp-includes/js/wp-embed.min.js
</script>

Je vous ai déjà raconté mon autobiographie automobile ici. Et je vous avais laissé sur une interrogation, en me disant quelle monture pourrait bien venir remplacer la dernière Astra CDTI 165 BVA que j’ai utilisée 2 ans. Le cahier des charges était simple : Pas de monospace + suffisamment de chevaux + obligatoirement une boite [&hellip;]
