{"version":"1.0","provider_name":"Blog Autosphere","provider_url":"https:\/\/www.autosphere.fr\/blog","title":"Il a achet\u00e9 la BMW d\u2019Eva Braun - Blog Autosphere","type":"rich","width":600,"height":338,"html":"<blockquote class=\"wp-embedded-content\" data-secret=\"pxOgFE61GS\"><a href=\"https:\/\/www.autosphere.fr\/blog\/il-a-achete-la-bmw-deva-braun\/\">Il a achet\u00e9 la BMW d\u2019Eva Braun<\/a><\/blockquote><iframe sandbox=\"allow-scripts\" security=\"restricted\" src=\"https:\/\/www.autosphere.fr\/blog\/il-a-achete-la-bmw-deva-braun\/embed\/#?secret=pxOgFE61GS\" width=\"600\" height=\"338\" title=\"\u00ab\u00a0Il a achet\u00e9 la BMW d\u2019Eva Braun\u00a0\u00bb &#8212; Blog Autosphere\" data-secret=\"pxOgFE61GS\" frameborder=\"0\" marginwidth=\"0\" marginheight=\"0\" scrolling=\"no\" class=\"wp-embedded-content\"><\/iframe><script>\n\/*! This file is auto-generated *\/\n!function(d,l){\"use strict\";l.querySelector&&d.addEventListener&&\"undefined\"!=typeof URL&&(d.wp=d.wp||{},d.wp.receiveEmbedMessage||(d.wp.receiveEmbedMessage=function(e){var t=e.data;if((t||t.secret||t.message||t.value)&&!\/[^a-zA-Z0-9]\/.test(t.secret)){for(var s,r,n,a=l.querySelectorAll('iframe[data-secret=\"'+t.secret+'\"]'),o=l.querySelectorAll('blockquote[data-secret=\"'+t.secret+'\"]'),c=new RegExp(\"^https?:$\",\"i\"),i=0;i<o.length;i++)o[i].style.display=\"none\";for(i=0;i<a.length;i++)s=a[i],e.source===s.contentWindow&&(s.removeAttribute(\"style\"),\"height\"===t.message?(1e3<(r=parseInt(t.value,10))?r=1e3:~~r<200&&(r=200),s.height=r):\"link\"===t.message&&(r=new URL(s.getAttribute(\"src\")),n=new URL(t.value),c.test(n.protocol))&&n.host===r.host&&l.activeElement===s&&(d.top.location.href=t.value))}},d.addEventListener(\"message\",d.wp.receiveEmbedMessage,!1),l.addEventListener(\"DOMContentLoaded\",function(){for(var e,t,s=l.querySelectorAll(\"iframe.wp-embedded-content\"),r=0;r<s.length;r++)(t=(e=s[r]).getAttribute(\"data-secret\"))||(t=Math.random().toString(36).substring(2,12),e.src+=\"#?secret=\"+t,e.setAttribute(\"data-secret\",t)),e.contentWindow.postMessage({message:\"ready\",secret:t},\"*\")},!1)))}(window,document);\n\/\/# sourceURL=https:\/\/www.autosphere.fr\/blog\/wp-includes\/js\/wp-embed.min.js\n<\/script>\n","thumbnail_url":"https:\/\/www.autosphere.fr\/blog\/wp-content\/uploads\/2022\/11\/f4e37d6cb7b372c1bdc17cc30d09a0af.jpg","thumbnail_width":400,"thumbnail_height":210,"description":"Quelle fut la surprise de Jan Indencleef lorsqu\u2019il apprend de la part de BMW qu\u2019il a fait l\u2019acquisition d\u2019une BMW 2.0 d\u00e9tenue par Eva Braun entre 1941 et 1944. En 2012, Jan Indencleef a fait l\u2019acquisition d\u2019une BMW 2.0 six cylindres aupr\u00e8s d\u2019un garagiste n\u00e9erlandais dont l\u2019entrep\u00f4t avait en partie br\u00fbl\u00e9. \u00c0 la recherche du [&hellip;]"}

Il a acheté la BMW d’Eva Braun - Blog Autosphere

<blockquote class="wp-embedded-content" data-secret="pxOgFE61GS"><a href="https://www.autosphere.fr/blog/il-a-achete-la-bmw-deva-braun/">Il a acheté la BMW d’Eva Braun</a></blockquote><iframe sandbox="allow-scripts" security="restricted" src="https://www.autosphere.fr/blog/il-a-achete-la-bmw-deva-braun/embed/#?secret=pxOgFE61GS" width="600" height="338" title="« Il a acheté la BMW d’Eva Braun » &#8212; Blog Autosphere" data-secret="pxOgFE61GS" frameborder="0" marginwidth="0" marginheight="0" scrolling="no" class="wp-embedded-content"></iframe><script>
/*! This file is auto-generated */
!function(d,l){"use strict";l.querySelector&&d.addEventListener&&"undefined"!=typeof URL&&(d.wp=d.wp||{},d.wp.receiveEmbedMessage||(d.wp.receiveEmbedMessage=function(e){var t=e.data;if((t||t.secret||t.message||t.value)&&!/[^a-zA-Z0-9]/.test(t.secret)){for(var s,r,n,a=l.querySelectorAll('iframe[data-secret="'+t.secret+'"]'),o=l.querySelectorAll('blockquote[data-secret="'+t.secret+'"]'),c=new RegExp("^https?:$","i"),i=0;i<o.length;i++)o[i].style.display="none";for(i=0;i<a.length;i++)s=a[i],e.source===s.contentWindow&&(s.removeAttribute("style"),"height"===t.message?(1e3<(r=parseInt(t.value,10))?r=1e3:~~r<200&&(r=200),s.height=r):"link"===t.message&&(r=new URL(s.getAttribute("src")),n=new URL(t.value),c.test(n.protocol))&&n.host===r.host&&l.activeElement===s&&(d.top.location.href=t.value))}},d.addEventListener("message",d.wp.receiveEmbedMessage,!1),l.addEventListener("DOMContentLoaded",function(){for(var e,t,s=l.querySelectorAll("iframe.wp-embedded-content"),r=0;r<s.length;r++)(t=(e=s[r]).getAttribute("data-secret"))||(t=Math.random().toString(36).substring(2,12),e.src+="#?secret="+t,e.setAttribute("data-secret",t)),e.contentWindow.postMessage({message:"ready",secret:t},"*")},!1)))}(window,document);
//# sourceURL=https://www.autosphere.fr/blog/wp-includes/js/wp-embed.min.js
</script>

Quelle fut la surprise de Jan Indencleef lorsqu’il apprend de la part de BMW qu’il a fait l’acquisition d’une BMW 2.0 détenue par Eva Braun entre 1941 et 1944. En 2012, Jan Indencleef a fait l’acquisition d’une BMW 2.0 six cylindres auprès d’un garagiste néerlandais dont l’entrepôt avait en partie brûlé. À la recherche du [&hellip;]
