{"version":"1.0","provider_name":"Blog Autosphere","provider_url":"https:\/\/www.autosphere.fr\/blog","title":"Rencontre avec Fran\u00e7ois Pelletant, maire de Linas. - Blog Autosphere","type":"rich","width":600,"height":338,"html":"<blockquote class=\"wp-embedded-content\" data-secret=\"4FuOjKro9h\"><a href=\"https:\/\/www.autosphere.fr\/blog\/rencontre-avec-francois-pelletant-maire-de-linas\/\">Rencontre avec Fran\u00e7ois Pelletant, maire de Linas.<\/a><\/blockquote><iframe sandbox=\"allow-scripts\" security=\"restricted\" src=\"https:\/\/www.autosphere.fr\/blog\/rencontre-avec-francois-pelletant-maire-de-linas\/embed\/#?secret=4FuOjKro9h\" width=\"600\" height=\"338\" title=\"\u00ab\u00a0Rencontre avec Fran\u00e7ois Pelletant, maire de Linas.\u00a0\u00bb &#8212; Blog Autosphere\" data-secret=\"4FuOjKro9h\" frameborder=\"0\" marginwidth=\"0\" marginheight=\"0\" scrolling=\"no\" class=\"wp-embedded-content\"><\/iframe><script>\n\/*! This file is auto-generated *\/\n!function(d,l){\"use strict\";l.querySelector&&d.addEventListener&&\"undefined\"!=typeof URL&&(d.wp=d.wp||{},d.wp.receiveEmbedMessage||(d.wp.receiveEmbedMessage=function(e){var t=e.data;if((t||t.secret||t.message||t.value)&&!\/[^a-zA-Z0-9]\/.test(t.secret)){for(var s,r,n,a=l.querySelectorAll('iframe[data-secret=\"'+t.secret+'\"]'),o=l.querySelectorAll('blockquote[data-secret=\"'+t.secret+'\"]'),c=new RegExp(\"^https?:$\",\"i\"),i=0;i<o.length;i++)o[i].style.display=\"none\";for(i=0;i<a.length;i++)s=a[i],e.source===s.contentWindow&&(s.removeAttribute(\"style\"),\"height\"===t.message?(1e3<(r=parseInt(t.value,10))?r=1e3:~~r<200&&(r=200),s.height=r):\"link\"===t.message&&(r=new URL(s.getAttribute(\"src\")),n=new URL(t.value),c.test(n.protocol))&&n.host===r.host&&l.activeElement===s&&(d.top.location.href=t.value))}},d.addEventListener(\"message\",d.wp.receiveEmbedMessage,!1),l.addEventListener(\"DOMContentLoaded\",function(){for(var e,t,s=l.querySelectorAll(\"iframe.wp-embedded-content\"),r=0;r<s.length;r++)(t=(e=s[r]).getAttribute(\"data-secret\"))||(t=Math.random().toString(36).substring(2,12),e.src+=\"#?secret=\"+t,e.setAttribute(\"data-secret\",t)),e.contentWindow.postMessage({message:\"ready\",secret:t},\"*\")},!1)))}(window,document);\n\/\/# sourceURL=https:\/\/www.autosphere.fr\/blog\/wp-includes\/js\/wp-embed.min.js\n<\/script>\n","thumbnail_url":"https:\/\/www.autosphere.fr\/blog\/wp-content\/uploads\/2022\/11\/3d9249afab8b78785d08dc842e1bacac.jpg","thumbnail_width":400,"thumbnail_height":210,"description":"D\u00e8s lors que l\u2019on parle de pollution et de circulation, il y a Paris et le reste de la France. Et le maire de Linas de tirer la sonnette d\u2019alarme. D\u00e9but juillet, Fran\u00e7ois Pelletant cr\u00e9ait le buzz avec ce qu\u2019il fut plus commun de nommer un&nbsp;arr\u00eat\u00e9 anti-parisien. Concr\u00e8tement, il s\u2019agissait d\u2019interdire aux v\u00e9hicules immatricul\u00e9s 75 [&hellip;]"}

Rencontre avec François Pelletant, maire de Linas. - Blog Autosphere

<blockquote class="wp-embedded-content" data-secret="4FuOjKro9h"><a href="https://www.autosphere.fr/blog/rencontre-avec-francois-pelletant-maire-de-linas/">Rencontre avec François Pelletant, maire de Linas.</a></blockquote><iframe sandbox="allow-scripts" security="restricted" src="https://www.autosphere.fr/blog/rencontre-avec-francois-pelletant-maire-de-linas/embed/#?secret=4FuOjKro9h" width="600" height="338" title="« Rencontre avec François Pelletant, maire de Linas. » &#8212; Blog Autosphere" data-secret="4FuOjKro9h" frameborder="0" marginwidth="0" marginheight="0" scrolling="no" class="wp-embedded-content"></iframe><script>
/*! This file is auto-generated */
!function(d,l){"use strict";l.querySelector&&d.addEventListener&&"undefined"!=typeof URL&&(d.wp=d.wp||{},d.wp.receiveEmbedMessage||(d.wp.receiveEmbedMessage=function(e){var t=e.data;if((t||t.secret||t.message||t.value)&&!/[^a-zA-Z0-9]/.test(t.secret)){for(var s,r,n,a=l.querySelectorAll('iframe[data-secret="'+t.secret+'"]'),o=l.querySelectorAll('blockquote[data-secret="'+t.secret+'"]'),c=new RegExp("^https?:$","i"),i=0;i<o.length;i++)o[i].style.display="none";for(i=0;i<a.length;i++)s=a[i],e.source===s.contentWindow&&(s.removeAttribute("style"),"height"===t.message?(1e3<(r=parseInt(t.value,10))?r=1e3:~~r<200&&(r=200),s.height=r):"link"===t.message&&(r=new URL(s.getAttribute("src")),n=new URL(t.value),c.test(n.protocol))&&n.host===r.host&&l.activeElement===s&&(d.top.location.href=t.value))}},d.addEventListener("message",d.wp.receiveEmbedMessage,!1),l.addEventListener("DOMContentLoaded",function(){for(var e,t,s=l.querySelectorAll("iframe.wp-embedded-content"),r=0;r<s.length;r++)(t=(e=s[r]).getAttribute("data-secret"))||(t=Math.random().toString(36).substring(2,12),e.src+="#?secret="+t,e.setAttribute("data-secret",t)),e.contentWindow.postMessage({message:"ready",secret:t},"*")},!1)))}(window,document);
//# sourceURL=https://www.autosphere.fr/blog/wp-includes/js/wp-embed.min.js
</script>

Dès lors que l’on parle de pollution et de circulation, il y a Paris et le reste de la France. Et le maire de Linas de tirer la sonnette d’alarme. Début juillet, François Pelletant créait le buzz avec ce qu’il fut plus commun de nommer un&nbsp;arrêté anti-parisien. Concrètement, il s’agissait d’interdire aux véhicules immatriculés 75 [&hellip;]
